4 - -5618) + -43 + 1?
42
Evaluate -6 + -2 - ((235 - 237) + 9 + 0).
-15
What is the value of -11 - (0 - (86 + 4 + (40 - 46)))?
73
Calculate -9 + -39 - (89 + -148).
11
Evaluate -1 + (-17 - -6) + 1 + (5 - -86) + 1.
81
What is the value of -4 + (-4 + 34 - 20) - 29?
-23
Evaluate -8 + -1 + (-260 - -326) + -17.
40
Calculate (-16 - (-1 - 6)) + (2 - -52) + -6.
39
Calculate 6 + 12 + -8 + -20 - -52.
42
What is 2 + 24 + 106 + -35 + -83?
14
What is 468 + -445 + (2 - 57)?
-32
What is -153 + (19 + -31 - -23) + 34?
-108
What is 68 + -55 + 75 + -108?
-20
(7 - (-75 - -99)) + 0 + 32
15
What is 2229 + -2092 + (-55 - 4)?
78
What is the value of 5 - (15 - (-9 - ((-10 - -12) + -7) - -13))?
-1
-254 + 245 + (1 - 13) - 9
-30
Evaluate -91 + (-45 - -78) - (-25 - 10).
-23
-50 + (22 - -12) + -6
-22
What is the value of (9 - 25 - -5 - -6) + -7 + 2?
-10
99 - (64 + 70 - 58)
23
What is (-504 - -528) + (-1 - 36 - 2)?
-15
Evaluate 15 + (-12 + -43 - -4) - 0.
-36
Evaluate 18 - ((296 - 280) + 20 + 0 - -17).
-35
What is -49 + 49 + 0 + -6 + (-1 - (50 - 4))?
-53
What is -498 - -495 - (-3 - (-19 + 2))?
-17
Evaluate 48 + -36 + (-18 - -3) + -7 - (17 + -1).
-26
What is the value of (89 - -2) + 16 + -30 + -10?
67
-36 - 26 - (-11 + (-18 - -12))
-45
3 + (60 + -29 + 6 - (5 + -2))
37
What is -16 - -5 - 6 - ((-8 - 0) + 18)?
-27
0 + 33 - (-4 + (-1 - -4) + (1 - 9))
42
-4 - (79 + -29 + 1)
-55
Evaluate -1 + 38 + -3 + 2 + -2 + (-59016 - -59024).
42
What is the value of -1 + -9 + 5 - (-341 + 301)?
35
What is the value of (26 + 2 - -31) + 2?
61
Evaluate -26 - (-71 + (-1 - (22 + -6))).
62
79 - (95 + -87) - 34
37
88 - 0 - (-10065 - -10143)
10
What is the value of 14827 - 14977 - (-50 + 1)?
-101
Calculate 20 + 14 + -94 + 76.
16
Calculate (-9 - -7) + 29 + -3 - (-11 - 2 - -15).
22
Calculate 146 + (65 + -69 - (-11 - -42)).
111
(-53 - -36) + (10 - 74)
-81
Evaluate (1 - 9 - (-15 + 78 + -60)) + 96.
85
What is (0 - -6) + 2 + (0 - (42 - -34))?
-68
What is the value of 5 + 11 + 0 + -12 + -44?
-40
What is the value of (4 + -4 - 3) + -25 + (-42 - (21 + -58))?
-33
What is the value of -7 + -92 + 8 + 19 - (3 + -4)?
-71
What is the value of -4 - ((20 + -14 - (30 - -2)) + 3 + 0)?
19
12 - (3 - -14) - -36 - (8 + -9)
32
What is 14949 - 14902 - ((2 + -1 - 2 - -2) + 4)?
42
What is the value of -50 - (-55 - 94) - 133?
-34
What is the value of (-1 - -10 - (788 - 774)) + 27?
22
What is (86 - 36) + -42 - -37?
45
Calculate -6 + (-4 - -19) - (-83 - -128).
-36
-67 - 125 - -98 - -102
8
Evaluate 13 + -165 - (643 + -833).
38
What is (1 + -6 - -64 - -1) + -2 - (149 + -161)?
70
What is (3 - (-40 + 22)) + 0 + -9 + -24?
-12
Evaluate 105 - 4 - (38 - (24 + -5 - 1)).
81
What is the value of -15 + 53 + 22 + -38 + 15?
37
What is the value of (-23 + 11 + -2 - (-7 + -1)) + -15?
-21
Evaluate -2180 - -2251 - (46 - 1).
26
What is 59 + -46 + (-50 - -15)?
-22
What is (-34 - 11) + -9 + (-21 - -51)?
-24
(6 - (33 - -57)) + -13 - (-2 - 10)
-85
Calculate 3 - ((2 - (-6 - -4)) + (-32 - -27)) - -21.
25
4 - ((501 - 521) + -45 + -2 + 5)
66
-9 - (21 + -9) - (600 - 566)
-55
What is the value of (1 - 49) + -1559 + 1555?
-52
Evaluate (18 - (11 - (-6 - -13))) + 24 - (-1 - -10).
29
-2 - (22 + -21 - (42 - (-13 + 7)))
45
What is 193 - (46 - 15) - 19 - (-1 + 10)?
134
What is (11 + 27 - -12) + -46?
4
What is the value of 342 + -330 - (-98 + 11)?
99
-140 - (36 + 62 + -167)
-71
What is the value of -61 + 2 + 562 + -573?
-70
Evaluate (-47 - -32) + 24 + 3 + -18.
-6
-70 + (85 - (-87 + 121))
-19
-8 + -11 + 16 + 17 + (-40 - 35)
-61
What is the value of -80 - (-35 - (105 + -143))?
-83
Evaluate 23 + -16 - (-4 + -22 + -8 + 6).
35
What is the value of 44 + (1 - (-9 + (-14 - -19)))?
49
Evaluate -3 - 6 - (9 - 12) - (4 + 9).
-19
Evaluate (21 - (32 + (-36 - -13) + 7)) + -87 + -1.
-83
(83 - (28 - (-6 + 31))) + -22
58
(-160 - -158 - (97 + -2)) + -5 + (-4 - 9)
-115
Evaluate 2 + (114 - (2 + 2 - (1 + -8))).
105
What is the value of -44 - (-26 - 4) - (0 + -2 + 1)?
-13
Calculate 3 - 1 - 15 - (6 + -88 + 23).
46
What is -8 + (17 - 43 - -39) - (-2 - 94)?
101
-898 - -848 - (-3 + 0)
-47
Calculate 3 + (5 - ((0 - -4) + 10)) + (224 - 263).
-45
Evaluate (-39 - 7) + 39 + -4.
-11
-9 + (0 - -12) + (-45 + 41 - -9)
8
Evaluate 30 + (-48 - (33 - 8) - -15).
-28
What is the value of 22 + ((6 - 4) + -8 - -1 - (-5 - 9))?
31
What is 44 - 0 - (1711 - 1717)?
50
(46 - 52) + 0 + -3 + 22 - 67
-54
What is -34 + 44 + -167 + 131?
-26
Calculate 122 + (-143 - (36 + 44)).
-101
Evaluate 20 - (39 + 9) - (-1 + -4 + -1).
-22
Evaluate (-1 - 9) + 102 + 301 + -452.
-59
What is 60 + (14346 - 14368) + 3 + 0 + 0?
41
What is (23 + (-14 - -7) - 5) + (-46 - -33)?
-2
0 + (1 - -20) + (31736 - 31775)
-18
5 + (-14 - -11 - 8 - 1 - (9 - -39))
-55
What is 6 - (-162 - (85 - 173))?
80
What is (94 - 0) + (1 - -27 - 11) + (-4 - 5)?
102
6 + 8 + (11 - 31) - 32
-38
What is the value of (1 - (34 + -2) - (-1219 - -1212)) + -6?
-30
Calculate -46 - (-79 - (-120 - -52)).
-35
(7 - 9 - 1) + -11 - (-106 - -40)
52
(-12 - ((20 - 4 - 8) + -8)) + 8 + 2
-2
104 + (-2 - -7) + -10 + (-285 - -292)
106
Evaluate 40 + 1 + (1321 - 1400).
-38
22 + (-34 - ((31 - 6) + 8))
-45
What is -11 + 10 - (-20 - 0) - (-18 + (-7 - -15))?
29
43 + (-53 - -25 - -24)
39
(-5 - 20 - 0) + (-16 - -15 - -5 - -8)
-13
What is 13 + (5 + 2 - -13) + (-4 - 5)?
24
What is the value of 0 - (13 - (14 - 2 - (46 - 48)))?
1
(32 - 49) + -68 + 4 + 7
-74
Evaluate 7 + -16 + (0 - 1) + (-41 - (6 - 1)).
-56
Calculate (2 - 3) + -14 + (17 - 0 - (-7 - -32)).
-23
What is 135 + (-32 - -28 - (39 + -2))?
94
What is the value of (-116 - (-32 + 8)) + 60?
-32
What is the value of 0 + 2 + (459 + -462 - (1 - -14))?
-16
What is -1 + -17 + 14 + -21 + 22 + 20?
17
Calculate (-17 - 0) + (-16 + (14 - -10) - 11).
-20
37 + 50 + -39 + -22
26
Calculate 32 + 2 + -115 + 54.
-27
Calculate -12 - (0 + -7 + 17 + -9 + (-12 - -10)).
-11
Calculate 107 - ((3 - -1) + (-30 - -28) + -2) - 11.
96
(101 - 82) + -2 + 8 + 6
31
Calculate 50 + (-4 - 18) + -6 + -10 + 0 + -37.
-25
Calculate -13 - -61 - (-202 - -220).
30
What is the value of -20 + (-64 - 2 - -136)?
50
Evaluate 559 + -484 - (27 + 76).
-28
(0 - -6 - (793 + -811)) + -133
-109
What is -67 - (-7 - ((-39 - -33) + -33))?
-99
Evaluate 50 + (-151 - -53) - -59.
11
What is the value of 335 + -348 + (-7 - -3) + 2?
-15
What is (24 - (-1 + -10)) + (-6 - (-19 + 16))?
32
Evaluate (-105 - -97 - (3 + -13 - -1)) + -16.
-15
Calculate -43 + 97 + 22 + -68 + -2 + -1.
5
What is the value of 52 + 0 - (31 + -12 + 4 + -10)?
39
Calculate (-10 - (-35 - -14 - 5 - -3)) + -79.
-66
What is 4 - 1 - (92 + -2) - (16 - (6 - -6))?
-91
Evaluate -18 - (-68 - (33 - (84 - 31))).
30
What is the value of -2 + -10 + -556 + 499?
-69
What is the value of 6 + -5 + (-307 - -366) - (9 - 1)?
52
What is -57 + (63 - (58 - 30)) + 66?
44
What is 16 - (-47 + 1 + 16) - 18?
28
Evaluate 17 + (-62 - (21 - (-2 - -4))) - (6 - 0).
-70
Calculate 0 + -3 + -3 + 4 + -23 + 39 + 82.
96
Evaluate (15 + -1 - 2) + -2543 + 2565.
34
What is the value of 22 + -2 - (-9 + 19 + 22 + -9 + -22)?
19
What is 9 + 1 - (-5 - -23) - (-7 + -65)?
64
What is (76 - 47) + -34 - 47?
-52
Evaluate (-139 - ((-2 - -21) + -71 + 39)) + 16.
-110
What is the value of (0 - ((-4 - -13) + -32)) + (11 - 24)?
10
Evaluate 40 + 70 + -128 + -71.
-89
What is -70 - -25 - -37 - ((1 - 117) + 10 + -15)?
113
Evaluate 7 - (-61 - (-1 + (15 - 24))).
58
Calculate -27 + 5 + 56 + -3.
31
Calculate (19 - 5 - (2 - -20)) + 18 + -33.
-23
What is the value of -8 - (-12 - (-65 + 66))?
5
Calculate 18 + -23 + 26 + -3.
18
What is the value of 52 + 31 + -1 + 1 + (20 + -36 - -15)?
82
Calculate (-18 - -13) + -23 - -13 - 15.
-30
Evaluate 85 + -4 + (-187 - -93).
-13
What is -43 - (203 + -72 - 172)?
-2
Evaluate (-19 - ((-1114 - -1090) + (1 - 0) + 14)) + 9.
-1
Calculate (-110 - (-18 - 164)) + -67.
5
What is the value of (31 + 4 - 26) + -3 - (6 + -4)?
4
Calculate 33 + 4 - (-38 + 62) - (63 + 0).
-50
What is the value of 2 + (-2 + 2 - -7) + -26340 + 26356?
25
What is the value of 1 + -2 - (-6 - -4) - 38 - (-1805 - -1794)?
-26
What is -28 + 59 + -51 + 1?
-19
-69 + (11 - -53) - (-37 + -3)
35
Calculate (-31 + 15 - -48) + -7 + -19 - (0 - -27).
-21
What is the value of (-3 - 15) + -18 + 20 - 30?
-46
What is 1 - 59 - (-23 - ((11 - 0) + (-22 - 3)))?
-49
-1 - -1 - (94 - 73 - 22)
1
What is the value of (17 - 36) + -3 - 5 - -78?
51